{"id":8280,"date":"2020-06-02T13:24:51","date_gmt":"2020-06-02T13:24:51","guid":{"rendered":"https:\/\/wynapsautos.com\/?page_id=8280"},"modified":"2020-08-24T14:26:27","modified_gmt":"2020-08-24T12:26:27","slug":"reprise","status":"publish","type":"page","link":"https:\/\/wynapsautos.com\/index.php\/reprise\/","title":{"rendered":"Reprise"},"content":{"rendered":"<p>[vc_row][vc_column][vc_column_text]<\/p>\n<h5>Pour toute demande de reprise<\/h5>\n<p>Merci de remplir le formulaire d&#8217;estimation ci-dessous.<\/p>\n<h5>L&#8217;estimation de la valeur de votre voiture<\/h5>\n<p>L&#8217;estimation de reprise est calcul\u00e9 sur la base de sa valeur sur le march\u00e9 en prenant compte des frais de remise en \u00e9tat.[\/vc_column_text]\t<div id=\"cd_space_69f43e35817f1\" class=\"cd-space cd-space-69f43e358184a\" data-id=\"69f43e35817f0\" data-tablet=\"30\" data-tablet-portrait=\"20\" data-mobile=\"20\" data-mobile-portrait=\"20\" data-desktop=\"40\" style=\"clear:both; display:block;\"><\/div>\n\t[vc_column_text]\n<div class=\"wpcf7 no-js\" id=\"wpcf7-f10842-o1\" lang=\"en-US\" dir=\"ltr\" data-wpcf7-id=\"10842\">\n<div class=\"screen-reader-response\"><p role=\"status\" aria-live=\"polite\" aria-atomic=\"true\"><\/p> <ul><\/ul><\/div>\n<form action=\"\/index.php\/wp-json\/wp\/v2\/pages\/8280#wpcf7-f10842-o1\" method=\"post\" class=\"wpcf7-form init\" aria-label=\"Contact form\" enctype=\"multipart\/form-data\" novalidate=\"novalidate\" data-status=\"init\">\n<fieldset class=\"hidden-fields-container\"><input type=\"hidden\" name=\"_wpcf7\" value=\"10842\" \/><input type=\"hidden\" name=\"_wpcf7_version\" value=\"6.1.5\" \/><input type=\"hidden\" name=\"_wpcf7_locale\" value=\"en_US\" \/><input type=\"hidden\" name=\"_wpcf7_unit_tag\" value=\"wpcf7-f10842-o1\" \/><input type=\"hidden\" name=\"_wpcf7_container_post\" value=\"0\" \/><input type=\"hidden\" name=\"_wpcf7_posted_data_hash\" value=\"\" \/><input type=\"hidden\" name=\"_wpcf7_recaptcha_response\" value=\"\" \/>\n<\/fieldset>\n<div class=\"contact-form row\">\n\t<p>Civilit\u00e9*: <span class=\"wpcf7-form-control-wrap\" data-name=\"civilite\"><span class=\"wpcf7-form-control wpcf7-checkbox wpcf7-validates-as-required wpcf7-exclusive-checkbox\"><span class=\"wpcf7-list-item first\"><label><input type=\"checkbox\" name=\"civilite\" value=\"Madame\" \/><span class=\"wpcf7-list-item-label\">Madame<\/span><\/label><\/span><span class=\"wpcf7-list-item last\"><label><input type=\"checkbox\" name=\"civilite\" value=\"Monsieur\" \/><span class=\"wpcf7-list-item-label\">Monsieur<\/span><\/label><\/span><\/span><\/span>\n\t<\/p>\n\t<div class=\"col-lg-6 col-md-6\">\n\t\t<div class=\"form-group\">\n\t\t\t<p><span class=\"wpcf7-form-control-wrap\" data-name=\"your-family-name\"><input size=\"40\" maxlength=\"400\" class=\"wpcf7-form-control wpcf7-text wpcf7-validates-as-required\" aria-required=\"true\" aria-invalid=\"false\" placeholder=\"Nom*\" value=\"\" type=\"text\" name=\"your-family-name\" \/><\/span>\n\t\t\t<\/p>\n\t\t<\/div>\n\t<\/div>\n\t<div class=\"col-lg-6 col-md-6\">\n\t\t<div class=\"form-group\">\n\t\t\t<p><span class=\"wpcf7-form-control-wrap\" data-name=\"your-name\"><input size=\"40\" maxlength=\"400\" class=\"wpcf7-form-control wpcf7-text wpcf7-validates-as-required\" aria-required=\"true\" aria-invalid=\"false\" placeholder=\"Pr\u00e9nom*\" value=\"\" type=\"text\" name=\"your-name\" \/><\/span>\n\t\t\t<\/p>\n\t\t<\/div>\n\t<\/div>\n\t<div class=\"col-lg-6 col-md-6\">\n\t\t<div class=\"form-group\">\n\t\t\t<p><span class=\"wpcf7-form-control-wrap\" data-name=\"email\"><input size=\"40\" maxlength=\"400\" class=\"wpcf7-form-control wpcf7-email wpcf7-validates-as-required wpcf7-text wpcf7-validates-as-email\" aria-required=\"true\" aria-invalid=\"false\" placeholder=\"Email*\" value=\"\" type=\"email\" name=\"email\" \/><\/span>\n\t\t\t<\/p>\n\t\t<\/div>\n\t<\/div>\n\t<div class=\"col-lg-6 col-md-6\">\n\t\t<div class=\"form-group\">\n\t\t\t<p><span class=\"wpcf7-form-control-wrap\" data-name=\"phone\"><input size=\"40\" maxlength=\"400\" class=\"wpcf7-form-control wpcf7-text wpcf7-validates-as-required\" aria-required=\"true\" aria-invalid=\"false\" placeholder=\"T\u00e9l\u00e9phone*\" value=\"\" type=\"text\" name=\"phone\" \/><\/span>\n\t\t\t<\/p>\n\t\t<\/div>\n\t<\/div>\n\t<p>&nbsp;<br \/>\nInformations concernant le v\u00e9hicule:\n\t<\/p>\n\t<div class=\"form-group\">\n\t\t<p><span class=\"wpcf7-form-control-wrap\" data-name=\"plaque-immatriculation\"><input size=\"40\" maxlength=\"400\" class=\"wpcf7-form-control wpcf7-text wpcf7-validates-as-required\" aria-required=\"true\" aria-invalid=\"false\" placeholder=\"Plaque d&#039;immatriculation*\" value=\"\" type=\"text\" name=\"plaque-immatriculation\" \/><\/span>\n\t\t<\/p>\n\t<\/div>\n\t<div class=\"form-group\">\n\t\t<p><span class=\"wpcf7-form-control-wrap\" data-name=\"date-immatriculation\"><input size=\"40\" maxlength=\"400\" class=\"wpcf7-form-control wpcf7-text wpcf7-validates-as-required\" aria-required=\"true\" aria-invalid=\"false\" placeholder=\"Date de mise en circulation *\" value=\"\" type=\"text\" name=\"date-immatriculation\" \/><\/span>\n\t\t<\/p>\n\t<\/div>\n\t<div class=\"form-group\">\n\t\t<p><span class=\"wpcf7-form-control-wrap\" data-name=\"brand\"><input size=\"40\" maxlength=\"400\" class=\"wpcf7-form-control wpcf7-text wpcf7-validates-as-required\" aria-required=\"true\" aria-invalid=\"false\" placeholder=\"Marque *\" value=\"\" type=\"text\" name=\"brand\" \/><\/span>\n\t\t<\/p>\n\t<\/div>\n\t<div class=\"form-group\">\n\t\t<p><span class=\"wpcf7-form-control-wrap\" data-name=\"model\"><input size=\"40\" maxlength=\"400\" class=\"wpcf7-form-control wpcf7-text wpcf7-validates-as-required\" aria-required=\"true\" aria-invalid=\"false\" placeholder=\"Mod\u00e8le *\" value=\"\" type=\"text\" name=\"model\" \/><\/span>\n\t\t<\/p>\n\t<\/div>\n\t<div class=\"form-group\">\n\t\t<p><span class=\"wpcf7-form-control-wrap\" data-name=\"kilometrage\"><input size=\"40\" maxlength=\"400\" class=\"wpcf7-form-control wpcf7-text wpcf7-validates-as-required\" aria-required=\"true\" aria-invalid=\"false\" placeholder=\"Kilom\u00e9trage *\" value=\"\" type=\"text\" name=\"kilometrage\" \/><\/span>\n\t\t<\/p>\n\t<\/div>\n\t<div >\n\t\t<p><span class=\"wpcf7-form-control-wrap\" data-name=\"kilometrage-garanti\"><span class=\"wpcf7-form-control wpcf7-checkbox wpcf7-validates-as-required wpcf7-exclusive-checkbox\"><span class=\"wpcf7-list-item first\"><label><input type=\"checkbox\" name=\"kilometrage-garanti\" value=\"Kilom\u00e9trage Garanti\" \/><span class=\"wpcf7-list-item-label\">Kilom\u00e9trage Garanti<\/span><\/label><\/span><span class=\"wpcf7-list-item last\"><label><input type=\"checkbox\" name=\"kilometrage-garanti\" value=\"Kilom\u00e9trage Non Garantie\" \/><span class=\"wpcf7-list-item-label\">Kilom\u00e9trage Non Garantie<\/span><\/label><\/span><\/span><\/span>\n\t\t<\/p>\n\t<\/div>\n\t<p>&nbsp;\n\t<\/p>\n\t<div class=\"form-group\">\n\t\t<p><span class=\"wpcf7-form-control-wrap\" data-name=\"energie\"><select class=\"wpcf7-form-control wpcf7-select wpcf7-validates-as-required\" id=\"energie\" aria-required=\"true\" aria-invalid=\"false\" name=\"energie\"><option value=\"Energie:\">Energie:<\/option><option value=\"Essence\">Essence<\/option><option value=\"Diesel\">Diesel<\/option><option value=\"\u00c9lectrique\">\u00c9lectrique<\/option><\/select><\/span>\n\t\t<\/p>\n\t<\/div>\n\t<div class=\"form-group\">\n\t\t<p><span class=\"wpcf7-form-control-wrap\" data-name=\"boite-de-vitesse\"><select class=\"wpcf7-form-control wpcf7-select wpcf7-validates-as-required\" id=\"boite-de-vitesse\" aria-required=\"true\" aria-invalid=\"false\" name=\"boite-de-vitesse\"><option value=\"Bo\u00eete de vitesse:\">Bo\u00eete de vitesse:<\/option><option value=\"Manuelle\">Manuelle<\/option><option value=\"Automatique\">Automatique<\/option><\/select><\/span>\n\t\t<\/p>\n\t<\/div>\n\t<div class=\"form-group\">\n\t\t<p><span class=\"wpcf7-form-control-wrap\" data-name=\"couleur\"><input size=\"40\" maxlength=\"400\" class=\"wpcf7-form-control wpcf7-text wpcf7-validates-as-required\" aria-required=\"true\" aria-invalid=\"false\" placeholder=\"Couleur *\" value=\"\" type=\"text\" name=\"couleur\" \/><\/span>\n\t\t<\/p>\n\t<\/div>\n\t<div >\n\t\t<p>V\u00e9hicule Accident\u00e9: <span class=\"wpcf7-form-control-wrap\" data-name=\"vehicule-accidente\"><span class=\"wpcf7-form-control wpcf7-checkbox wpcf7-validates-as-required wpcf7-exclusive-checkbox\"><span class=\"wpcf7-list-item first\"><label><input type=\"checkbox\" name=\"vehicule-accidente\" value=\"oui\" \/><span class=\"wpcf7-list-item-label\">oui<\/span><\/label><\/span><span class=\"wpcf7-list-item last\"><label><input type=\"checkbox\" name=\"vehicule-accidente\" value=\"Non\" \/><span class=\"wpcf7-list-item-label\">Non<\/span><\/label><\/span><\/span><\/span>\n\t\t<\/p>\n\t<\/div>\n\t<p>&nbsp;\n\t<\/p>\n\t<div class=\"col-lg-6 col-md-6\">\n\t\t<p>Courroie de distribution chang\u00e9 \u00e0: <span class=\"wpcf7-form-control-wrap\" data-name=\"km-courroie\"><input size=\"40\" maxlength=\"400\" class=\"wpcf7-form-control wpcf7-text\" aria-invalid=\"false\" placeholder=\"KM\" value=\"\" type=\"text\" name=\"km-courroie\" \/><\/span>\n\t\t<\/p>\n\t<\/div>\n\t<div class=\"col-lg-6 col-md-6\">\n\t\t<p>Ou en: <span class=\"wpcf7-form-control-wrap\" data-name=\"annee-courroie\"><input size=\"40\" maxlength=\"400\" class=\"wpcf7-form-control wpcf7-text\" aria-invalid=\"false\" placeholder=\"Ann\u00e9e\" value=\"\" type=\"text\" name=\"annee-courroie\" \/><\/span>\n\t\t<\/p>\n\t<\/div>\n\t<p>&nbsp;\n\t<\/p>\n\t<div >\n\t\t<p>\u00c9quipements principaux:<br \/>\n<span class=\"wpcf7-form-control-wrap\" data-name=\"options\"><span class=\"wpcf7-form-control wpcf7-checkbox\"><span class=\"wpcf7-list-item first\"><label><input type=\"checkbox\" name=\"options[]\" value=\"Peinture m\u00e9tallis\u00e9e\" \/><span class=\"wpcf7-list-item-label\">Peinture m\u00e9tallis\u00e9e<\/span><\/label><\/span><span class=\"wpcf7-list-item\"><label><input type=\"checkbox\" name=\"options[]\" value=\"Cam\u00e9ra de recul\" \/><span class=\"wpcf7-list-item-label\">Cam\u00e9ra de recul<\/span><\/label><\/span><span class=\"wpcf7-list-item\"><label><input type=\"checkbox\" name=\"options[]\" value=\"Radar de stationnement avant\" \/><span class=\"wpcf7-list-item-label\">Radar de stationnement avant<\/span><\/label><\/span><span class=\"wpcf7-list-item\"><label><input type=\"checkbox\" name=\"options[]\" value=\"Radar de stationnement arri\u00e8re\" \/><span class=\"wpcf7-list-item-label\">Radar de stationnement arri\u00e8re<\/span><\/label><\/span><span class=\"wpcf7-list-item\"><label><input type=\"checkbox\" name=\"options[]\" value=\"Climatisation Manuelle\" \/><span class=\"wpcf7-list-item-label\">Climatisation Manuelle<\/span><\/label><\/span><span class=\"wpcf7-list-item\"><label><input type=\"checkbox\" name=\"options[]\" value=\"Climatisation Auto\" \/><span class=\"wpcf7-list-item-label\">Climatisation Auto<\/span><\/label><\/span><span class=\"wpcf7-list-item\"><label><input type=\"checkbox\" name=\"options[]\" value=\"GPS\" \/><span class=\"wpcf7-list-item-label\">GPS<\/span><\/label><\/span><span class=\"wpcf7-list-item\"><label><input type=\"checkbox\" name=\"options[]\" value=\"Bluetooth\" \/><span class=\"wpcf7-list-item-label\">Bluetooth<\/span><\/label><\/span><span class=\"wpcf7-list-item\"><label><input type=\"checkbox\" name=\"options[]\" value=\"Toit ouvrant\" \/><span class=\"wpcf7-list-item-label\">Toit ouvrant<\/span><\/label><\/span><span class=\"wpcf7-list-item\"><label><input type=\"checkbox\" name=\"options[]\" value=\"Toit panoramique\" \/><span class=\"wpcf7-list-item-label\">Toit panoramique<\/span><\/label><\/span><span class=\"wpcf7-list-item\"><label><input type=\"checkbox\" name=\"options[]\" value=\"R\u00e9gulateur de vitesse\" \/><span class=\"wpcf7-list-item-label\">R\u00e9gulateur de vitesse<\/span><\/label><\/span><span class=\"wpcf7-list-item\"><label><input type=\"checkbox\" name=\"options[]\" value=\"Vitres \u00e9l\u00e9ct. Av.\" \/><span class=\"wpcf7-list-item-label\">Vitres \u00e9l\u00e9ct. Av.<\/span><\/label><\/span><span class=\"wpcf7-list-item\"><label><input type=\"checkbox\" name=\"options[]\" value=\"Vitres \u00e9l\u00e9ct. Arr.\" \/><span class=\"wpcf7-list-item-label\">Vitres \u00e9l\u00e9ct. Arr.<\/span><\/label><\/span><span class=\"wpcf7-list-item\"><label><input type=\"checkbox\" name=\"options[]\" value=\"Allumage automatique des feux\" \/><span class=\"wpcf7-list-item-label\">Allumage automatique des feux<\/span><\/label><\/span><span class=\"wpcf7-list-item last\"><label><input type=\"checkbox\" name=\"options[]\" value=\"Feux antibrouillard Avant\" \/><span class=\"wpcf7-list-item-label\">Feux antibrouillard Avant<\/span><\/label><\/span><\/span><\/span>\n\t\t<\/p>\n\t<\/div>\n\t<p>&nbsp;\n\t<\/p>\n\t<div >\n\t\t<p>Copie Carte Grise - Taille maximum fichier: 2Mo<br \/>\n<span class=\"wpcf7-form-control-wrap\" data-name=\"carte-grise\"><input size=\"40\" class=\"wpcf7-form-control wpcf7-file\" id=\"CarteGrise\" accept=\".jpeg,.pdf,.jpg,.png\" aria-invalid=\"false\" type=\"file\" name=\"carte-grise\" \/><\/span><br \/>\nCopie Dernier Contr\u00f4le Technique - Taille maximum fichier: 2Mo<br \/>\n<span class=\"wpcf7-form-control-wrap\" data-name=\"controle-technique\"><input size=\"40\" class=\"wpcf7-form-control wpcf7-file\" id=\"ControleTechnique\" accept=\".jpeg,.pdf,.jpg,.png\" aria-invalid=\"false\" type=\"file\" name=\"controle-technique\" \/><\/span><br \/>\nPhoto 1 - Taille maximum fichier: 2Mo<br \/>\n<span class=\"wpcf7-form-control-wrap\" data-name=\"photo1\"><input size=\"40\" class=\"wpcf7-form-control wpcf7-file\" id=\"photo1\" accept=\".jpeg,.jpg,.png\" aria-invalid=\"false\" type=\"file\" name=\"photo1\" \/><\/span><br \/>\nPhoto 2 - Taille maximum fichier: 2Mo<br \/>\n<span class=\"wpcf7-form-control-wrap\" data-name=\"photo2\"><input size=\"40\" class=\"wpcf7-form-control wpcf7-file\" id=\"photo2\" accept=\".jpeg,.jpg,.png\" aria-invalid=\"false\" type=\"file\" name=\"photo2\" \/><\/span><br \/>\nPhoto 3 - Taille maximum fichier: 2Mo<br \/>\n<span class=\"wpcf7-form-control-wrap\" data-name=\"photo3\"><input size=\"40\" class=\"wpcf7-form-control wpcf7-file\" id=\"photo3\" accept=\".jpeg,.jpg,.png\" aria-invalid=\"false\" type=\"file\" name=\"photo3\" \/><\/span><br \/>\nPhoto 4 - Taille maximum fichier: 2Mo<br \/>\n<span class=\"wpcf7-form-control-wrap\" data-name=\"photo4\"><input size=\"40\" class=\"wpcf7-form-control wpcf7-file\" id=\"photo4\" accept=\".jpeg,.jpg,.png\" aria-invalid=\"false\" type=\"file\" name=\"photo4\" \/><\/span>\n\t\t<\/p>\n\t<\/div>\n\t<p>&nbsp;\n\t<\/p>\n\t<div class=\"col-lg-12 col-md-12\">\n\t\t<div class=\"form-group\">\n\t\t\t<p><span class=\"wpcf7-form-control-wrap\" data-name=\"message\"><textarea cols=\"40\" rows=\"10\" maxlength=\"2000\" class=\"wpcf7-form-control wpcf7-textarea\" aria-invalid=\"false\" placeholder=\"D\u00e9tails suppl\u00e9mentaires\" name=\"message\"><\/textarea><\/span>\n\t\t\t<\/p>\n\t\t<\/div>\n\t<\/div>\n\t<div class=\"col-lg-12 col-md-12\">\n\t\t<p><input class=\"wpcf7-form-control wpcf7-submit has-spinner button red\" type=\"submit\" value=\"Envoyer\" \/>\n\t\t<\/p>\n\t<\/div>\n<\/div><div class=\"wpcf7-response-output\" aria-hidden=\"true\"><\/div>\n<\/form>\n<\/div>\n[\/vc_column_text][\/vc_column][\/vc_row][vc_row full_width=&#8221;stretch_row_content_no_spaces&#8221;][vc_column][vc_raw_html][\/vc_raw_html][\/vc_column][\/vc_row][vc_row][vc_column]\t<div id=\"cd_space_69f43e3583a2a\" class=\"cd-space cd-space-69f43e3583a2e\" data-id=\"69f43e3583a29\" data-tablet=\"500\" data-tablet-portrait=\"300\" data-mobile=\"100\" data-mobile-portrait=\"100\" data-desktop=\"500\" style=\"clear:both; display:block;\"><\/div>\n\t[\/vc_column][\/vc_row]<\/p>\n","protected":false},"excerpt":{"rendered":"<p>[vc_row][vc_column][vc_column_text] Pour toute demande de reprise Merci de remplir le formulaire d&#8217;estimation ci-dessous. L&#8217;estimation de la valeur de votre voiture L&#8217;estimation de reprise est calcul\u00e9 sur la base de sa valeur sur le march\u00e9 en prenant compte des frais de remise en \u00e9tat.[\/vc_column_text][vc_column_text][\/vc_column_text][\/vc_column][\/vc_row][vc_row full_width=&#8221;stretch_row_content_no_spaces&#8221;][vc_column][vc_raw_html][\/vc_raw_html][\/vc_column][\/vc_row][vc_row][vc_column][\/vc_column][\/vc_row]<\/p>\n","protected":false},"author":1,"featured_media":0,"parent":0,"menu_order":0,"comment_status":"closed","ping_status":"closed","template":"","meta":{"footnotes":""},"class_list":["post-8280","page","type-page","status-publish","hentry"],"jetpack_sharing_enabled":true,"_links":{"self":[{"href":"https:\/\/wynapsautos.com\/index.php\/wp-json\/wp\/v2\/pages\/8280","targetHints":{"allow":["GET"]}}],"collection":[{"href":"https:\/\/wynapsautos.com\/index.php\/wp-json\/wp\/v2\/pages"}],"about":[{"href":"https:\/\/wynapsautos.com\/index.php\/wp-json\/wp\/v2\/types\/page"}],"author":[{"embeddable":true,"href":"https:\/\/wynapsautos.com\/index.php\/wp-json\/wp\/v2\/users\/1"}],"replies":[{"embeddable":true,"href":"https:\/\/wynapsautos.com\/index.php\/wp-json\/wp\/v2\/comments?post=8280"}],"version-history":[{"count":73,"href":"https:\/\/wynapsautos.com\/index.php\/wp-json\/wp\/v2\/pages\/8280\/revisions"}],"predecessor-version":[{"id":10905,"href":"https:\/\/wynapsautos.com\/index.php\/wp-json\/wp\/v2\/pages\/8280\/revisions\/10905"}],"wp:attachment":[{"href":"https:\/\/wynapsautos.com\/index.php\/wp-json\/wp\/v2\/media?parent=8280"}],"curies":[{"name":"wp","href":"https:\/\/api.w.org\/{rel}","templated":true}]}}