{"id":7388,"date":"2018-07-23T07:58:07","date_gmt":"2018-07-23T05:58:07","guid":{"rendered":"http:\/\/192.168.0.187\/wordpressProjects\/cardealer_theme\/sample_data\/?page_id=3"},"modified":"2023-05-29T19:57:14","modified_gmt":"2023-05-29T17:57:14","slug":"garantie-satisfaction","status":"publish","type":"page","link":"https:\/\/wynapsautos.com\/index.php\/garantie-satisfaction\/","title":{"rendered":"GARANTIE SATISFACTION"},"content":{"rendered":"<p>[vc_row][vc_column][vc_column_text]<\/p>\r\n\r\n<h3 class=\"text-red wp-block-heading\">NOTRE ENGAGEMENT EN MATI\u00c8RE DE SATISFACTION CLIENT<\/h3>\r\n<p>Chez\u00a0<a href=\"http:\/\/wynapsautos.com\/\" target=\"_blank\" rel=\"noreferrer noopener\">W<\/a><a href=\"http:\/\/wynapsautos.com\/\" target=\"_blank\" rel=\"noreferrer noopener\">ynaps<\/a><a href=\"http:\/\/wynapsautos.com\/\" target=\"_blank\" rel=\"noreferrer noopener\">Autos.com<\/a>, votre satisfaction est notre priorit\u00e9 absolue. Nous comprenons que vos besoins et pr\u00e9f\u00e9rences peuvent \u00e9voluer, c\u2019est pourquoi nous vous offrons la possibilit\u00e9 de changer d\u2019avis en toute libert\u00e9. Dans le cadre de notre garantie de satisfaction, nous reprenons votre v\u00e9hicule et vous remboursons au prix d\u2019achat TTC indiqu\u00e9 sur la facture, par\u00a0<a href=\"http:\/\/wynapsautos.com\/\" target=\"_blank\" rel=\"noreferrer noopener\">W<\/a><a href=\"http:\/\/wynapsautos.com\/\" target=\"_blank\" rel=\"noreferrer noopener\">ynaps<\/a><a href=\"http:\/\/wynapsautos.com\/\" target=\"_blank\" rel=\"noreferrer noopener\">Autos.com<\/a>, l\u2019endroit o\u00f9 vous avez effectu\u00e9 votre achat (hors frais d\u2019immatriculation).<\/p>\r\n<p>Pour b\u00e9n\u00e9ficier de cette garantie exceptionnelle, nous vous demandons de prendre en compte les conditions suivantes, qui doivent \u00eatre respect\u00e9es de mani\u00e8re cumul\u00e9e :<\/p>\r\n<ol start=\"1\" type=\"1\">\r\n<li>\r\n<ol start=\"1\" type=\"1\">\r\n<li>Un kilom\u00e9trage parcouru n\u2019exc\u00e9dant pas 300 km au compteur dans les sept (7) jours calendaires suivant la livraison effective de votre v\u00e9hicule.<\/li>\r\n<li>Le v\u00e9hicule doit \u00eatre retourn\u00e9 dans son \u00e9tat d\u2019origine, sans aucun dommage ni accident. Notre \u00e9quipe effectuera une inspection minutieuse pour s\u2019assurer que le v\u00e9hicule est dans le m\u00eame \u00e9tat que lors de sa livraison. Veuillez noter que cette garantie de satisfaction ne s\u2019applique qu\u2019aux v\u00e9hicules livr\u00e9s dans notre r\u00e9seau exclusif\u00a0<a href=\"http:\/\/wynapsautos.com\/\" target=\"_blank\" rel=\"noreferrer noopener\">W<\/a><a href=\"http:\/\/wynapsautos.com\/\" target=\"_blank\" rel=\"noreferrer noopener\">ynaps<\/a><a href=\"http:\/\/wynapsautos.com\/\" target=\"_blank\" rel=\"noreferrer noopener\">Autos.com<\/a>. Elle ne concerne pas les v\u00e9hicules financ\u00e9s en LOA, en leasing ou en cr\u00e9dit-bail, \u00e0 moins que ces financements n\u2019aient \u00e9t\u00e9 conclus par l\u2019interm\u00e9diaire de\u00a0<a href=\"http:\/\/wynapsautos.com\/\" target=\"_blank\" rel=\"noreferrer noopener\">W<\/a><a href=\"http:\/\/wynapsautos.com\/\" target=\"_blank\" rel=\"noreferrer noopener\">ynaps<\/a><a href=\"http:\/\/wynapsautos.com\/\" target=\"_blank\" rel=\"noreferrer noopener\">Autos.com<\/a>. De plus, elle ne s\u2019applique pas aux ventes effectu\u00e9es \u00e0 des professionnels de l\u2019automobile.<\/li>\r\n<\/ol>\r\n<\/li>\r\n<\/ol>\r\n<p>Si vous d\u00e9cidez d\u2019exercer cette garantie de satisfaction, nous vous invitons \u00e0 nous en informer dans les sept (7) jours calendaires suivant la date de livraison effective de votre v\u00e9hicule. Notre \u00e9quipe se fera un plaisir de vous assister tout au long du processus de retour. Une fois le v\u00e9hicule retourn\u00e9 et une expertise contradictoire effectu\u00e9e, nous proc\u00e9derons au remboursement par virement bancaire dans un d\u00e9lai maximal d\u2019un mois. Veuillez noter que les frais \u00e9ventuels li\u00e9s \u00e0 l\u2019annulation d\u2019un financement ne sont pas inclus dans le remboursement. De plus, si vous avez fait reprendre votre pr\u00e9c\u00e9dent v\u00e9hicule par\u00a0<a href=\"http:\/\/wynapsautos.com\/\" target=\"_blank\" rel=\"noreferrer noopener\">W<\/a><a href=\"http:\/\/wynapsautos.com\/\" target=\"_blank\" rel=\"noreferrer noopener\">ynaps<\/a><a href=\"http:\/\/wynapsautos.com\/\" target=\"_blank\" rel=\"noreferrer noopener\">Autos.com<\/a>\u00a0Autos, cette op\u00e9ration sera consid\u00e9r\u00e9e comme une transaction distincte et ne pourra pas \u00eatre annul\u00e9e.<\/p>\r\n<p>Chez\u00a0<a href=\"http:\/\/wynapsautos.com\/\" target=\"_blank\" rel=\"noreferrer noopener\">W<\/a><a href=\"http:\/\/wynapsautos.com\/\" target=\"_blank\" rel=\"noreferrer noopener\">ynaps<\/a><a href=\"http:\/\/wynapsautos.com\/\" target=\"_blank\" rel=\"noreferrer noopener\">Autos.com<\/a>, nous croyons en la transparence, la confiance et la satisfaction de nos clients. Notre garantie de satisfaction est notre engagement envers vous, t\u00e9moignant de notre confiance en la qualit\u00e9 de nos produits et services. Faites-nous confiance pour r\u00e9pondre \u00e0 vos attentes et vous offrir une exp\u00e9rience automobile in\u00e9gal\u00e9e.<\/p>\r\n<p>[\/vc_column_text][\/vc_column][\/vc_row]<\/p>\r\n","protected":false},"excerpt":{"rendered":"<p>[vc_row][vc_column][vc_column_text] NOTRE ENGAGEMENT EN MATI\u00c8RE DE SATISFACTION CLIENT Chez\u00a0WynapsAutos.com, votre satisfaction est notre priorit\u00e9 absolue. Nous comprenons que vos besoins et pr\u00e9f\u00e9rences peuvent \u00e9voluer, c\u2019est pourquoi nous vous offrons la possibilit\u00e9 de changer d\u2019avis en toute libert\u00e9. Dans le cadre de notre garantie de satisfaction, nous reprenons votre v\u00e9hicule et vous remboursons au prix d\u2019achat [&hellip;]<\/p>\n","protected":false},"author":1,"featured_media":0,"parent":0,"menu_order":0,"comment_status":"closed","ping_status":"closed","template":"","meta":{"footnotes":""},"class_list":["post-7388","page","type-page","status-publish","hentry"],"jetpack_sharing_enabled":true,"_links":{"self":[{"href":"https:\/\/wynapsautos.com\/index.php\/wp-json\/wp\/v2\/pages\/7388","targetHints":{"allow":["GET"]}}],"collection":[{"href":"https:\/\/wynapsautos.com\/index.php\/wp-json\/wp\/v2\/pages"}],"about":[{"href":"https:\/\/wynapsautos.com\/index.php\/wp-json\/wp\/v2\/types\/page"}],"author":[{"embeddable":true,"href":"https:\/\/wynapsautos.com\/index.php\/wp-json\/wp\/v2\/users\/1"}],"replies":[{"embeddable":true,"href":"https:\/\/wynapsautos.com\/index.php\/wp-json\/wp\/v2\/comments?post=7388"}],"version-history":[{"count":16,"href":"https:\/\/wynapsautos.com\/index.php\/wp-json\/wp\/v2\/pages\/7388\/revisions"}],"predecessor-version":[{"id":228452,"href":"https:\/\/wynapsautos.com\/index.php\/wp-json\/wp\/v2\/pages\/7388\/revisions\/228452"}],"wp:attachment":[{"href":"https:\/\/wynapsautos.com\/index.php\/wp-json\/wp\/v2\/media?parent=7388"}],"curies":[{"name":"wp","href":"https:\/\/api.w.org\/{rel}","templated":true}]}}