{"id":7396,"date":"2018-07-23T08:00:53","date_gmt":"2018-07-23T08:00:53","guid":{"rendered":"http:\/\/192.168.0.187\/wordpressProjects\/cardealer_theme\/sample_data\/dealer-account\/"},"modified":"2018-07-23T08:00:53","modified_gmt":"2018-07-23T08:00:53","slug":"dealer-account","status":"publish","type":"page","link":"https:\/\/wynapsautos.com\/espace-pro\/index.php\/dealer-account\/","title":{"rendered":"My Dealer Account"},"content":{"rendered":"<div class=\"cdfs\"><div class=\"row\" id=\"cdfs_user_login\">\n\t<div class=\"col-sm-6 cdfs_login\">\n\t\t<h2>S&#039;identifier<\/h2>\n\t\t<form class=\"cdfs-form cdfs-form-login cdfs-user-form login\" method=\"post\" id=\"cdfs-form-user-login\">\n\t\t\t\t\t\t<p class=\"cdfs-form-row cdfs-msg\" style=\"display:none\"><\/p>\n\t\t\t<p class=\"cdfs-form-row\">\n\t\t\t\t<label for=\"username\">Nom d&#039;utilisateur ou adresse e-mail <span class=\"required\">*<\/span><\/label>\n\t\t\t\t<input type=\"text\" class=\"cdfs-Input cdhl_validate\" name=\"username\" id=\"username\" value=\"\" \/>\n\t\t\t<\/p>\n\t\t\t<p class=\"cdfs-form-row\">\n\t\t\t\t<label for=\"password\">Mot de passe <span class=\"required\">*<\/span><\/label>\n\t\t\t\t<input class=\"cdfs-Input cdhl_validate\" type=\"password\" name=\"password\" id=\"password\" \/>\n\t\t\t<\/p>\n\t\t\t\t\t\t<p class=\"cdfs-form-row\">\n\t\t\t\t<div class=\"form-group\">\n\t\t\t\t\t<div id=\"login_captcha\" class=\"g-recaptcha\" data-sitekey=\"6Lca76IZAAAAAPVNjFJne5AI3U_mbgsifttIfjyG\"><\/div>\n\t\t\t\t<\/div>\n\t\t\t  \n\t\t\t\t\t\t<p class=\"form-row\">\n\t\t\t\t<input type=\"hidden\" id=\"cdfs-login-nonce\" name=\"cdfs-login-nonce\" value=\"5a55c3534c\" \/><input type=\"hidden\" name=\"_wp_http_referer\" value=\"\/espace-pro\/index.php\/wp-json\/wp\/v2\/pages\/7396\" \/>\t\t\t\t\n\t\t\t\t<button type=\"submit\" class=\"cdfs-Button button\" name=\"login\" value=\"S&#039;identifier\" id=\"form-user-login\">S&#039;identifier<\/button>\n\t\t\t\t<label class=\"cdfs-form__label cdfs-form__label-for-checkbox inline\">\n\t\t\t\t\t<input class=\"cdfs-form_input cdfs-form_input-checkbox\" name=\"rememberme\" type=\"checkbox\" id=\"rememberme\" value=\"forever\" \/> <span>Souviens-toi de moi<\/span>\n\t\t\t\t<\/label>\n\t\t\t<\/p>\n\t\t\t\t\t\t<p class=\"cdfs-LostPassword lost_user_password\">\n\t\t\t\t<a href=\"https:\/\/wynapsautos.com\/espace-pro\/index.php\/dealer-account\/user-lost-password\">Mot de passe perdu?<\/a>\n\t\t\t<\/p>\n\t\t\t\t\t<\/form>\n\t<\/div>\n\t<div class=\"col-sm-6 cdfs_register\">\n\t\t<h2>S&#039;enregistrer<\/h2>\n\t\t<form method=\"post\" class=\"register cdfs-user-form\" id=\"cdfs-form-register\">\n\t\t\t\t\t\t<p class=\"cdfs-form-row cdfs-msg\" style=\"display:none\"><\/p>\n\t\t\t<p class=\"cdfs-form-row\">\n                <label for=\"reg_first_name\">Prenom <span class=\"required\">*<\/span><\/label>\n                <input type=\"text\" class=\"cdfs-Input cdhl_validate\" name=\"first_name\" id=\"reg_jp_name\" value=\"\" \/>\n            <\/p>\n            <p class=\"cdfs-form-row\">\n                <label for=\"reg_last_name\">Nom <span class=\"required\">*<\/span><\/label>\n                <input type=\"text\" class=\"cdfs-Input cdhl_validate\" name=\"last_name\" id=\"reg_last_name\" value=\"\" \/>\n            <\/p>\n\t\t\t<p class=\"cdfs-form-row\">\n\t\t\t\t<label for=\"reg_username\">Nom Utilisateur <span class=\"required\">*<\/span><\/label>\n\t\t\t\t<input type=\"text\" class=\"cdfs-Input cdhl_validate\" name=\"username\" id=\"reg_username\" value=\"\" \/>\n\t\t\t<\/p>\n\t\t\t<p class=\"cdfs-form-row\">\n\t\t\t\t<label for=\"reg_email\">Email <span class=\"required\">*<\/span><\/label>\n\t\t\t\t<input type=\"email\" class=\"cdfs-Input cdhl_validate cardealer_mail\" name=\"email\" id=\"reg_email\" value=\"\" \/>\n\t\t\t<\/p>\n\t\t\t<p class=\"cdfs-form-row\">\n                <label for=\"reg_jp_contactno\">T\u00e9l\u00e9phone <span class=\"required\">*<\/span><\/label>\n                <input type=\"tel\" class=\"cdfs-Input cdhl_validate\" name=\"jp_contactno\" id=\"reg_jp_contactno\" value=\"\" \/>\n            <\/p>\n\t\t\t<p class=\"cdfs-form-row\">\n                <label for=\"reg_jp_company\">Nom de votre soci\u00e9t\u00e9 <span class=\"required\">*<\/span><\/label>\n                <input type=\"tel\" class=\"cdfs-Input cdhl_validate\" name=\"jp_company\" id=\"reg_jp_company\" value=\"\" \/>\n            <\/p>\n            <p class=\"cdfs-form-row\">\n                <label for=\"reg_jp_address\">Addresse <span class=\"required\">*<\/span><\/label>\n                <input type=\"text\" class=\"cdfs-Input cdhl_validate\" name=\"jp_address\" id=\"reg_jp_address\" value=\"\" \/>\n            <\/p>\n            <p class=\"cdfs-form-row\">\n                <label for=\"reg_jp_city\">Ville <span class=\"required\">*<\/span><\/label>\n                <input type=\"text\" class=\"cdfs-Input cdhl_validate\" name=\"jp_city\" id=\"reg_jp_city\" value=\"\" \/>\n            <\/p>\n            <p class=\"cdfs-form-row\">\n                <label for=\"reg_jp_zipcode\">Code Postale <span class=\"required\">*<\/span><\/label>\n                <input type=\"text\" class=\"cdfs-Input cdhl_validate\" name=\"jp_zipcode\" id=\"reg_jp_zipcode\" value=\"\" \/>\n            <\/p>\n            <p class=\"cdfs-form-row\">\n                <label for=\"reg_jp_country\">Pays <span class=\"required\">*<\/span><\/label>\n                <input type=\"text\" class=\"cdfs-Input cdhl_validate\" name=\"jp_country\" id=\"reg_jp_country\" value=\"\" \/>\n            <\/p>\n            <p class=\"cdfs-form-row\">\n                <label for=\"reg_jp_common_reg_no\">Siret <span class=\"required\">*<\/span><\/label>\n                <input type=\"text\" class=\"cdfs-Input cdhl_validate\" name=\"jp_common_reg_no\" id=\"reg_jp_common_reg_no\" value=\"\" \/>\n            <\/p>\n\t\t\t<p class=\"cdfs-form-row\">\n\t\t\t\t<label for=\"reg_password\">Mot de passe <span class=\"required\">*<\/span><\/label>\n\t\t\t\t<input type=\"password\" class=\"cdfs-Input cdhl_validate\" name=\"password\" id=\"reg_password\" \/>\n\t\t\t<\/p>\n\t\t\t<p class=\"cdfs-form-row\">\n                <label for=\"reg_jp_con_password\">Confirmez Mot de passe <span class=\"required\">*<\/span><\/label>\n                <input type=\"password\" class=\"cdfs-Input cdhl_validate\" name=\"jp_con_password\" id=\"reg_jp_con_password\" \/>\n            <\/p>\n\t\t\t\t\t\t<p class=\"cdfs-form-row\">\n\t\t\t\t<div class=\"form-group\">\n\t\t\t\t\t<div id=\"register_captcha\" class=\"g-recaptcha\" data-sitekey=\"6Lca76IZAAAAAPVNjFJne5AI3U_mbgsifttIfjyG\"><\/div>\n\t\t\t\t<\/div>\n\t\t\t\t\t\t<p class=\"cdfs-form-row\">\n\t\t\t\tVous acceptez le stockage et le traitement de vos donn\u00e9es personnelles et de contact par ce site.<a href=\"\" class=\"cd-policy-terms\" target=\"https:\/\/wynapsautos.com\/espace-pro\/index.php\/politique-de-confidentialite\/\">politique de confidentialite<\/a>.\t\t\t<\/p>\n\t\t\t\t\t\t<p class=\"cdfs-FormRow form-row\">\n\t\t\t\t<input type=\"hidden\" id=\"cdfs-register-nonce\" name=\"cdfs-register-nonce\" value=\"97f4852964\" \/><input type=\"hidden\" name=\"_wp_http_referer\" value=\"\/espace-pro\/index.php\/wp-json\/wp\/v2\/pages\/7396\" \/>\t\t\t\t\n\t\t\t\t<button type=\"submit\" id=\"cdfs-form-register-btn\" class=\"cdfs-Button button\" name=\"register\" value=\"S&#039;enregistrer\">S&#039;enregistrer<\/button>\n\t\t\t<\/p>\n\t\t\t\t\t<\/form>\n\t<\/div>\n<\/div>\n<\/div>\n","protected":false},"excerpt":{"rendered":"S&#039;identifier Nom d&#039;utilisateur ou adresse e-mail * Mot de passe * S&#039;identifier Souviens-toi de moi Mot de passe perdu? S&#039;enregistrer Prenom * Nom * Nom Utilisateur * Email * T\u00e9l\u00e9phone * Nom de votre soci\u00e9t\u00e9 * Addresse * Ville * Code Postale * Pays * Siret * Mot de passe * Confirmez Mot de passe [...]","protected":false},"author":1,"featured_media":0,"parent":0,"menu_order":0,"comment_status":"closed","ping_status":"closed","template":"templates\/cardealer-front-submission.php","meta":{"footnotes":""},"class_list":["post-7396","page","type-page","status-publish","hentry"],"_links":{"self":[{"href":"https:\/\/wynapsautos.com\/espace-pro\/index.php\/wp-json\/wp\/v2\/pages\/7396","targetHints":{"allow":["GET"]}}],"collection":[{"href":"https:\/\/wynapsautos.com\/espace-pro\/index.php\/wp-json\/wp\/v2\/pages"}],"about":[{"href":"https:\/\/wynapsautos.com\/espace-pro\/index.php\/wp-json\/wp\/v2\/types\/page"}],"author":[{"embeddable":true,"href":"https:\/\/wynapsautos.com\/espace-pro\/index.php\/wp-json\/wp\/v2\/users\/1"}],"replies":[{"embeddable":true,"href":"https:\/\/wynapsautos.com\/espace-pro\/index.php\/wp-json\/wp\/v2\/comments?post=7396"}],"version-history":[{"count":0,"href":"https:\/\/wynapsautos.com\/espace-pro\/index.php\/wp-json\/wp\/v2\/pages\/7396\/revisions"}],"wp:attachment":[{"href":"https:\/\/wynapsautos.com\/espace-pro\/index.php\/wp-json\/wp\/v2\/media?parent=7396"}],"curies":[{"name":"wp","href":"https:\/\/api.w.org\/{rel}","templated":true}]}}